{"id":2853,"date":"2026-08-30T11:34:42","date_gmt":"2026-08-30T09:34:42","guid":{"rendered":"https:\/\/haenigsen.de\/?post_type=lsvr_event&#038;p=2853"},"modified":"2026-08-30T11:42:57","modified_gmt":"2026-08-30T09:42:57","slug":"entdeckertag-bei-der-kalibahn","status":"publish","type":"lsvr_event","link":"https:\/\/haenigsen.de\/en\/termine\/entdeckertag-bei-der-kalibahn\/","title":{"rendered":"Entdeckertag bei der Kalibahn"},"content":{"rendered":"<p class=\"wp-block-paragraph\">Am 5. und 6. September 2026 l\u00e4dt die Kalibahn zum Bahnhofsfest und Entdeckertag nach Hanigsen-Riedel ein. Von jeweils 10:00 bis 17:00 Uhr k\u00f6nnen Besucherinnen und Besucher das Vereinsgel\u00e4nde im Kasparsweg erkunden und dabei Eisenbahnnostalgie hautnah erleben.<\/p>\n\n\n\n<p class=\"wp-block-paragraph\">Ein besonderes Erlebnis sind die Fahrten mit dem Schienenbus zur Halde in Wathlingen. Wer lieber selbst aktiv wird, kann mit einer Fahrraddraisine durch die umliegenden Felder fahren.<\/p>\n\n\n\n<p class=\"wp-block-paragraph\">Auch f\u00fcr Technikbegeisterte gibt es etwas zu entdecken: Auf dem Gel\u00e4nde wird unter anderem der imposante Milit\u00e4rlastwagen KrAZ 255 zu sehen sein.<\/p>\n\n\n\n<p class=\"wp-block-paragraph\">Die kleinen G\u00e4ste d\u00fcrfen sich auf eine H\u00fcpfburg freuen. F\u00fcr das leibliche Wohl sorgen Bratwurst, Pommes und weitere Angebote.<\/p>\n\n\n\n<p class=\"wp-block-paragraph\">Die Vereinsmitglieder freuen sich an beiden Tagen auf zahlreiche G\u00e4ste und ein abwechslungsreiches Wochenende rund um Eisenbahn, Technik und Vereinsleben.<\/p>\n\n\n\n<p class=\"wp-block-paragraph\"><\/p>","protected":false},"excerpt":{"rendered":"<p>Am 5. und 6. September 2026 l\u00e4dt die Kalibahn zum Bahnhofsfest und Entdeckertag nach Hanigsen-Riedel ein. Von jeweils 10:00 bis 17:00 Uhr k\u00f6nnen Besucherinnen und Besucher das Vereinsgel\u00e4nde im Kasparsweg erkunden und dabei Eisenbahnnostalgie hautnah erleben. Ein besonderes Erlebnis sind die Fahrten mit dem Schienenbus zur Halde in Wathlingen. Wer lieber selbst aktiv wird, kann [&hellip;]<\/p>\n","protected":false},"author":1,"featured_media":2855,"template":"","meta":{"footnotes":""},"lsvr_event_cat":[67],"lsvr_event_tag":[],"class_list":["post-2853","lsvr_event","type-lsvr_event","status-publish","has-post-thumbnail","hentry","lsvr_event_location-kalibahn-haenigsen-riedel","lsvr_event_cat-veranstaltungen"],"yoast_head":"<!-- This site is optimized with the Yoast SEO plugin v28.3 - https:\/\/yoast.com\/product\/yoast-seo-wordpress\/ -->\n<title>Entdeckertag bei der Kalibahn - H\u00e4nigsen<\/title>\n<meta name=\"description\" content=\"Bahnhofsfest und Entdeckertag der Kalibahn am 5. und 6. September 2026 in Hanigsen-Riedel: Schienenbus, Fahrraddraisinen, Technik und mehr.\" \/>\n<meta name=\"robots\" content=\"index, follow, max-snippet:-1, max-image-preview:large, max-video-preview:-1\" \/>\n<link rel=\"canonical\" href=\"https:\/\/haenigsen.de\/en\/termine\/entdeckertag-bei-der-kalibahn\/\" \/>\n<meta property=\"og:locale\" content=\"en_GB\" \/>\n<meta property=\"og:type\" content=\"article\" \/>\n<meta property=\"og:title\" content=\"Entdeckertag bei der Kalibahn - H\u00e4nigsen\" \/>\n<meta property=\"og:description\" content=\"Bahnhofsfest und Entdeckertag der Kalibahn am 5. und 6. September 2026 in Hanigsen-Riedel: Schienenbus, Fahrraddraisinen, Technik und mehr.\" \/>\n<meta property=\"og:url\" content=\"https:\/\/haenigsen.de\/en\/termine\/entdeckertag-bei-der-kalibahn\/\" \/>\n<meta property=\"og:site_name\" content=\"H\u00e4nigsen\" \/>\n<meta property=\"article:modified_time\" content=\"2026-08-30T09:42:57+00:00\" \/>\n<meta property=\"og:image\" content=\"https:\/\/haenigsen.de\/wp-content\/uploads\/2026\/08\/IMG_0118-scaled.jpeg\" \/>\n\t<meta property=\"og:image:width\" content=\"2560\" \/>\n\t<meta property=\"og:image:height\" content=\"1440\" \/>\n\t<meta property=\"og:image:type\" content=\"image\/jpeg\" \/>\n<meta name=\"twitter:card\" content=\"summary_large_image\" \/>\n<meta name=\"twitter:label1\" content=\"Estimated reading time\" \/>\n\t<meta name=\"twitter:data1\" content=\"1 minute\" \/>\n<script type=\"application\/ld+json\" class=\"yoast-schema-graph\">{\"@context\":\"https:\\\/\\\/schema.org\",\"@graph\":[{\"@type\":\"WebPage\",\"@id\":\"https:\\\/\\\/haenigsen.de\\\/termine\\\/entdeckertag-bei-der-kalibahn\\\/\",\"url\":\"https:\\\/\\\/haenigsen.de\\\/termine\\\/entdeckertag-bei-der-kalibahn\\\/\",\"name\":\"Entdeckertag bei der Kalibahn - H\u00e4nigsen\",\"isPartOf\":{\"@id\":\"https:\\\/\\\/haenigsen.de\\\/#website\"},\"primaryImageOfPage\":{\"@id\":\"https:\\\/\\\/haenigsen.de\\\/termine\\\/entdeckertag-bei-der-kalibahn\\\/#primaryimage\"},\"image\":{\"@id\":\"https:\\\/\\\/haenigsen.de\\\/termine\\\/entdeckertag-bei-der-kalibahn\\\/#primaryimage\"},\"thumbnailUrl\":\"https:\\\/\\\/haenigsen.de\\\/wp-content\\\/uploads\\\/2026\\\/08\\\/IMG_0118-scaled.jpeg\",\"datePublished\":\"2026-08-30T09:34:42+00:00\",\"dateModified\":\"2026-08-30T09:42:57+00:00\",\"description\":\"Bahnhofsfest und Entdeckertag der Kalibahn am 5. und 6. September 2026 in Hanigsen-Riedel: Schienenbus, Fahrraddraisinen, Technik und mehr.\",\"breadcrumb\":{\"@id\":\"https:\\\/\\\/haenigsen.de\\\/termine\\\/entdeckertag-bei-der-kalibahn\\\/#breadcrumb\"},\"inLanguage\":\"en-GB\",\"potentialAction\":[{\"@type\":\"ReadAction\",\"target\":[\"https:\\\/\\\/haenigsen.de\\\/termine\\\/entdeckertag-bei-der-kalibahn\\\/\"]}]},{\"@type\":\"ImageObject\",\"inLanguage\":\"en-GB\",\"@id\":\"https:\\\/\\\/haenigsen.de\\\/termine\\\/entdeckertag-bei-der-kalibahn\\\/#primaryimage\",\"url\":\"https:\\\/\\\/haenigsen.de\\\/wp-content\\\/uploads\\\/2026\\\/08\\\/IMG_0118-scaled.jpeg\",\"contentUrl\":\"https:\\\/\\\/haenigsen.de\\\/wp-content\\\/uploads\\\/2026\\\/08\\\/IMG_0118-scaled.jpeg\",\"width\":2560,\"height\":1440},{\"@type\":\"BreadcrumbList\",\"@id\":\"https:\\\/\\\/haenigsen.de\\\/termine\\\/entdeckertag-bei-der-kalibahn\\\/#breadcrumb\",\"itemListElement\":[{\"@type\":\"ListItem\",\"position\":1,\"name\":\"Startseite\",\"item\":\"https:\\\/\\\/haenigsen.de\\\/\"},{\"@type\":\"ListItem\",\"position\":2,\"name\":\"Veranstaltungen\",\"item\":\"https:\\\/\\\/haenigsen.de\\\/termine\\\/\"},{\"@type\":\"ListItem\",\"position\":3,\"name\":\"Entdeckertag bei der Kalibahn\"}]},{\"@type\":\"WebSite\",\"@id\":\"https:\\\/\\\/haenigsen.de\\\/#website\",\"url\":\"https:\\\/\\\/haenigsen.de\\\/\",\"name\":\"H\u00e4nigsen\",\"description\":\"Ortschaft der Region Hannover\",\"publisher\":{\"@id\":\"https:\\\/\\\/haenigsen.de\\\/#organization\"},\"potentialAction\":[{\"@type\":\"SearchAction\",\"target\":{\"@type\":\"EntryPoint\",\"urlTemplate\":\"https:\\\/\\\/haenigsen.de\\\/?s={search_term_string}\"},\"query-input\":{\"@type\":\"PropertyValueSpecification\",\"valueRequired\":true,\"valueName\":\"search_term_string\"}}],\"inLanguage\":\"en-GB\"},{\"@type\":\"Organization\",\"@id\":\"https:\\\/\\\/haenigsen.de\\\/#organization\",\"name\":\"H\u00e4nigsen\",\"url\":\"https:\\\/\\\/haenigsen.de\\\/\",\"logo\":{\"@type\":\"ImageObject\",\"inLanguage\":\"en-GB\",\"@id\":\"https:\\\/\\\/haenigsen.de\\\/#\\\/schema\\\/logo\\\/image\\\/\",\"url\":\"https:\\\/\\\/haenigsen.de\\\/wp-content\\\/uploads\\\/2025\\\/08\\\/EB12A630-FD13-4357-A4DD-A57FE09F5688.jpeg\",\"contentUrl\":\"https:\\\/\\\/haenigsen.de\\\/wp-content\\\/uploads\\\/2025\\\/08\\\/EB12A630-FD13-4357-A4DD-A57FE09F5688.jpeg\",\"width\":642,\"height\":749,\"caption\":\"H\u00e4nigsen\"},\"image\":{\"@id\":\"https:\\\/\\\/haenigsen.de\\\/#\\\/schema\\\/logo\\\/image\\\/\"}}]}<\/script>\n<!-- \/ Yoast SEO plugin. -->","yoast_head_json":{"title":"Entdeckertag bei der Kalibahn - H\u00e4nigsen","description":"Bahnhofsfest und Entdeckertag der Kalibahn am 5. und 6. September 2026 in Hanigsen-Riedel: Schienenbus, Fahrraddraisinen, Technik und mehr.","robots":{"index":"index","follow":"follow","max-snippet":"max-snippet:-1","max-image-preview":"max-image-preview:large","max-video-preview":"max-video-preview:-1"},"canonical":"https:\/\/haenigsen.de\/en\/termine\/entdeckertag-bei-der-kalibahn\/","og_locale":"en_GB","og_type":"article","og_title":"Entdeckertag bei der Kalibahn - H\u00e4nigsen","og_description":"Bahnhofsfest und Entdeckertag der Kalibahn am 5. und 6. September 2026 in Hanigsen-Riedel: Schienenbus, Fahrraddraisinen, Technik und mehr.","og_url":"https:\/\/haenigsen.de\/en\/termine\/entdeckertag-bei-der-kalibahn\/","og_site_name":"H\u00e4nigsen","article_modified_time":"2026-08-30T09:42:57+00:00","og_image":[{"width":2560,"height":1440,"url":"https:\/\/haenigsen.de\/wp-content\/uploads\/2026\/08\/IMG_0118-scaled.jpeg","type":"image\/jpeg"}],"twitter_card":"summary_large_image","twitter_misc":{"Estimated reading time":"1 minute"},"schema":{"@context":"https:\/\/schema.org","@graph":[{"@type":"WebPage","@id":"https:\/\/haenigsen.de\/termine\/entdeckertag-bei-der-kalibahn\/","url":"https:\/\/haenigsen.de\/termine\/entdeckertag-bei-der-kalibahn\/","name":"Entdeckertag bei der Kalibahn - H\u00e4nigsen","isPartOf":{"@id":"https:\/\/haenigsen.de\/#website"},"primaryImageOfPage":{"@id":"https:\/\/haenigsen.de\/termine\/entdeckertag-bei-der-kalibahn\/#primaryimage"},"image":{"@id":"https:\/\/haenigsen.de\/termine\/entdeckertag-bei-der-kalibahn\/#primaryimage"},"thumbnailUrl":"https:\/\/haenigsen.de\/wp-content\/uploads\/2026\/08\/IMG_0118-scaled.jpeg","datePublished":"2026-08-30T09:34:42+00:00","dateModified":"2026-08-30T09:42:57+00:00","description":"Bahnhofsfest und Entdeckertag der Kalibahn am 5. und 6. September 2026 in Hanigsen-Riedel: Schienenbus, Fahrraddraisinen, Technik und mehr.","breadcrumb":{"@id":"https:\/\/haenigsen.de\/termine\/entdeckertag-bei-der-kalibahn\/#breadcrumb"},"inLanguage":"en-GB","potentialAction":[{"@type":"ReadAction","target":["https:\/\/haenigsen.de\/termine\/entdeckertag-bei-der-kalibahn\/"]}]},{"@type":"ImageObject","inLanguage":"en-GB","@id":"https:\/\/haenigsen.de\/termine\/entdeckertag-bei-der-kalibahn\/#primaryimage","url":"https:\/\/haenigsen.de\/wp-content\/uploads\/2026\/08\/IMG_0118-scaled.jpeg","contentUrl":"https:\/\/haenigsen.de\/wp-content\/uploads\/2026\/08\/IMG_0118-scaled.jpeg","width":2560,"height":1440},{"@type":"BreadcrumbList","@id":"https:\/\/haenigsen.de\/termine\/entdeckertag-bei-der-kalibahn\/#breadcrumb","itemListElement":[{"@type":"ListItem","position":1,"name":"Startseite","item":"https:\/\/haenigsen.de\/"},{"@type":"ListItem","position":2,"name":"Veranstaltungen","item":"https:\/\/haenigsen.de\/termine\/"},{"@type":"ListItem","position":3,"name":"Entdeckertag bei der Kalibahn"}]},{"@type":"WebSite","@id":"https:\/\/haenigsen.de\/#website","url":"https:\/\/haenigsen.de\/","name":"H\u00e4nigsen","description":"Ortschaft der Region Hannover","publisher":{"@id":"https:\/\/haenigsen.de\/#organization"},"potentialAction":[{"@type":"SearchAction","target":{"@type":"EntryPoint","urlTemplate":"https:\/\/haenigsen.de\/?s={search_term_string}"},"query-input":{"@type":"PropertyValueSpecification","valueRequired":true,"valueName":"search_term_string"}}],"inLanguage":"en-GB"},{"@type":"Organization","@id":"https:\/\/haenigsen.de\/#organization","name":"H\u00e4nigsen","url":"https:\/\/haenigsen.de\/","logo":{"@type":"ImageObject","inLanguage":"en-GB","@id":"https:\/\/haenigsen.de\/#\/schema\/logo\/image\/","url":"https:\/\/haenigsen.de\/wp-content\/uploads\/2025\/08\/EB12A630-FD13-4357-A4DD-A57FE09F5688.jpeg","contentUrl":"https:\/\/haenigsen.de\/wp-content\/uploads\/2025\/08\/EB12A630-FD13-4357-A4DD-A57FE09F5688.jpeg","width":642,"height":749,"caption":"H\u00e4nigsen"},"image":{"@id":"https:\/\/haenigsen.de\/#\/schema\/logo\/image\/"}}]}},"_links":{"self":[{"href":"https:\/\/haenigsen.de\/en\/wp-json\/wp\/v2\/lsvr_event\/2853","targetHints":{"allow":["GET"]}}],"collection":[{"href":"https:\/\/haenigsen.de\/en\/wp-json\/wp\/v2\/lsvr_event"}],"about":[{"href":"https:\/\/haenigsen.de\/en\/wp-json\/wp\/v2\/types\/lsvr_event"}],"author":[{"embeddable":true,"href":"https:\/\/haenigsen.de\/en\/wp-json\/wp\/v2\/users\/1"}],"version-history":[{"count":1,"href":"https:\/\/haenigsen.de\/en\/wp-json\/wp\/v2\/lsvr_event\/2853\/revisions"}],"predecessor-version":[{"id":2854,"href":"https:\/\/haenigsen.de\/en\/wp-json\/wp\/v2\/lsvr_event\/2853\/revisions\/2854"}],"wp:featuredmedia":[{"embeddable":true,"href":"https:\/\/haenigsen.de\/en\/wp-json\/wp\/v2\/media\/2855"}],"wp:attachment":[{"href":"https:\/\/haenigsen.de\/en\/wp-json\/wp\/v2\/media?parent=2853"}],"wp:term":[{"taxonomy":"lsvr_event_cat","embeddable":true,"href":"https:\/\/haenigsen.de\/en\/wp-json\/wp\/v2\/lsvr_event_cat?post=2853"},{"taxonomy":"lsvr_event_tag","embeddable":true,"href":"https:\/\/haenigsen.de\/en\/wp-json\/wp\/v2\/lsvr_event_tag?post=2853"}],"curies":[{"name":"wp","href":"https:\/\/api.w.org\/{rel}","templated":true}]}}

<p class="wp-block-paragraph">Am 5. und 6. September 2026 lädt die Kalibahn zum Bahnhofsfest und Entdeckertag nach Hanigsen-Riedel ein. Von jeweils 10:00 bis 17:00 Uhr können Besucherinnen und Besucher das Vereinsgelände im Kasparsweg erkunden und dabei Eisenbahnnostalgie hautnah erleben.</p>



<p class="wp-block-paragraph">Ein besonderes Erlebnis sind die Fahrten mit dem Schienenbus zur Halde in Wathlingen. Wer lieber selbst aktiv wird, kann mit einer Fahrraddraisine durch die umliegenden Felder fahren.</p>



<p class="wp-block-paragraph">Auch für Technikbegeisterte gibt es etwas zu entdecken: Auf dem Gelände wird unter anderem der imposante Militärlastwagen KrAZ 255 zu sehen sein.</p>



<p class="wp-block-paragraph">Die kleinen Gäste dürfen sich auf eine Hüpfburg freuen. Für das leibliche Wohl sorgen Bratwurst, Pommes und weitere Angebote.</p>



<p class="wp-block-paragraph">Die Vereinsmitglieder freuen sich an beiden Tagen auf zahlreiche Gäste und ein abwechslungsreiches Wochenende rund um Eisenbahn, Technik und Vereinsleben.</p>



<p class="wp-block-paragraph"></p>

<p>Am 5. und 6. September 2026 lädt die Kalibahn zum Bahnhofsfest und Entdeckertag nach Hanigsen-Riedel ein. Von jeweils 10:00 bis 17:00 Uhr können Besucherinnen und Besucher das Vereinsgelände im Kasparsweg erkunden und dabei Eisenbahnnostalgie hautnah erleben. Ein besonderes Erlebnis sind die Fahrten mit dem Schienenbus zur Halde in Wathlingen. Wer lieber selbst aktiv wird, kann [&hellip;]</p>

<!-- This site is optimized with the Yoast SEO plugin v28.3 - https://yoast.com/product/yoast-seo-wordpress/ -->
<title>Entdeckertag bei der Kalibahn - Hänigsen</title>
<meta name="description" content="Bahnhofsfest und Entdeckertag der Kalibahn am 5. und 6. September 2026 in Hanigsen-Riedel: Schienenbus, Fahrraddraisinen, Technik und mehr." />
<meta name="robots" content="index, follow, max-snippet:-1, max-image-preview:large, max-video-preview:-1" />
<link rel="canonical" href="https://haenigsen.de/en/termine/entdeckertag-bei-der-kalibahn/" />
<meta property="og:locale" content="en_GB" />
<meta property="og:type" content="article" />
<meta property="og:title" content="Entdeckertag bei der Kalibahn - Hänigsen" />
<meta property="og:description" content="Bahnhofsfest und Entdeckertag der Kalibahn am 5. und 6. September 2026 in Hanigsen-Riedel: Schienenbus, Fahrraddraisinen, Technik und mehr." />
<meta property="og:url" content="https://haenigsen.de/en/termine/entdeckertag-bei-der-kalibahn/" />
<meta property="og:site_name" content="Hänigsen" />
<meta property="article:modified_time" content="2026-08-30T09:42:57+00:00" />
<meta property="og:image" content="https://haenigsen.de/wp-content/uploads/2026/08/IMG_0118-scaled.jpeg" />
	<meta property="og:image:width" content="2560" />
	<meta property="og:image:height" content="1440" />
	<meta property="og:image:type" content="image/jpeg" />
<meta name="twitter:card" content="summary_large_image" />
<meta name="twitter:label1" content="Estimated reading time" />
	<meta name="twitter:data1" content="1 minute" />
<script type="application/ld+json" class="yoast-schema-graph">{"@context":"https:\/\/schema.org","@graph":[{"@type":"WebPage","@id":"https:\/\/haenigsen.de\/termine\/entdeckertag-bei-der-kalibahn\/","url":"https:\/\/haenigsen.de\/termine\/entdeckertag-bei-der-kalibahn\/","name":"Entdeckertag bei der Kalibahn - Hänigsen","isPartOf":{"@id":"https:\/\/haenigsen.de\/#website"},"primaryImageOfPage":{"@id":"https:\/\/haenigsen.de\/termine\/entdeckertag-bei-der-kalibahn\/#primaryimage"},"image":{"@id":"https:\/\/haenigsen.de\/termine\/entdeckertag-bei-der-kalibahn\/#primaryimage"},"thumbnailUrl":"https:\/\/haenigsen.de\/wp-content\/uploads\/2026\/08\/IMG_0118-scaled.jpeg","datePublished":"2026-08-30T09:34:42+00:00","dateModified":"2026-08-30T09:42:57+00:00","description":"Bahnhofsfest und Entdeckertag der Kalibahn am 5. und 6. September 2026 in Hanigsen-Riedel: Schienenbus, Fahrraddraisinen, Technik und mehr.","breadcrumb":{"@id":"https:\/\/haenigsen.de\/termine\/entdeckertag-bei-der-kalibahn\/#breadcrumb"},"inLanguage":"en-GB","potentialAction":[{"@type":"ReadAction","target":["https:\/\/haenigsen.de\/termine\/entdeckertag-bei-der-kalibahn\/"]}]},{"@type":"ImageObject","inLanguage":"en-GB","@id":"https:\/\/haenigsen.de\/termine\/entdeckertag-bei-der-kalibahn\/#primaryimage","url":"https:\/\/haenigsen.de\/wp-content\/uploads\/2026\/08\/IMG_0118-scaled.jpeg","contentUrl":"https:\/\/haenigsen.de\/wp-content\/uploads\/2026\/08\/IMG_0118-scaled.jpeg","width":2560,"height":1440},{"@type":"BreadcrumbList","@id":"https:\/\/haenigsen.de\/termine\/entdeckertag-bei-der-kalibahn\/#breadcrumb","itemListElement":[{"@type":"ListItem","position":1,"name":"Startseite","item":"https:\/\/haenigsen.de\/"},{"@type":"ListItem","position":2,"name":"Veranstaltungen","item":"https:\/\/haenigsen.de\/termine\/"},{"@type":"ListItem","position":3,"name":"Entdeckertag bei der Kalibahn"}]},{"@type":"WebSite","@id":"https:\/\/haenigsen.de\/#website","url":"https:\/\/haenigsen.de\/","name":"Hänigsen","description":"Ortschaft der Region Hannover","publisher":{"@id":"https:\/\/haenigsen.de\/#organization"},"potentialAction":[{"@type":"SearchAction","target":{"@type":"EntryPoint","urlTemplate":"https:\/\/haenigsen.de\/?s={search_term_string}"},"query-input":{"@type":"PropertyValueSpecification","valueRequired":true,"valueName":"search_term_string"}}],"inLanguage":"en-GB"},{"@type":"Organization","@id":"https:\/\/haenigsen.de\/#organization","name":"Hänigsen","url":"https:\/\/haenigsen.de\/","logo":{"@type":"ImageObject","inLanguage":"en-GB","@id":"https:\/\/haenigsen.de\/#\/schema\/logo\/image\/","url":"https:\/\/haenigsen.de\/wp-content\/uploads\/2025\/08\/EB12A630-FD13-4357-A4DD-A57FE09F5688.jpeg","contentUrl":"https:\/\/haenigsen.de\/wp-content\/uploads\/2025\/08\/EB12A630-FD13-4357-A4DD-A57FE09F5688.jpeg","width":642,"height":749,"caption":"Hänigsen"},"image":{"@id":"https:\/\/haenigsen.de\/#\/schema\/logo\/image\/"}}]}</script>
<!-- / Yoast SEO plugin. -->

Entdeckertag bei der Kalibahn - Hänigsen

Hänigsen
